
Let z(n) = 8*n**2 + 2*n - 1. Let r(k) = -k**3 + 4*k**2 + 6*k - 4. Let o be r(5). Suppose -3*j = -5*g + 2, -5*j - 3*g + o + 7 = 0. Calculate z(j).
9
Suppose 3*y - 5*o - 24 = 0, -4*y + 5*o = 2*o - 21. Let v(r) = 5*r**3 - 3*r**2 + 2 - 4*r**y - 4*r + 0. Let h = 0 + 4. Calculate v(h).
2
Let d(k) = -k**2 - 3*k + 3. Suppose -6*j = -2*j - 16, j + 96 = 5*f. Suppose 0*c + f = -5*c. What is d(c)?
-1
Let g(z) be the first derivative of -z**2 + 11*z + 1. Let f be g(8). Let v = f - 0. Let q(n) = n**3 + 5*n**2 + 2*n + 6. What is q(v)?
-4
Let j(t) = 8*t - 3 - 4*t - 2*t + 4*t. Give j(2).
9
Let z(a) = -a**2 - 2*a + 4. Let s = -11 - -8. Let l = 2 - -7. Let p be (0 + 12/l)*s. Give z(p).
-4
Let u(p) = 10*p - 5. Let q(a) = -5*a + 2. Suppose 0 = -y + 7 - 0. Let w(c) = y*q(c) + 3*u(c). What is w(-1)?
4
Let i(x) = 5*x**2 + 2*x + 3. Let c(p) = 3*p**2 + p + 1. Let y(a) = 7*c(a) - 4*i(a). Determine y(4).
7
Let l(j) be the first derivative of 2*j**3/3 + j**2 - 4*j + 10. Calculate l(-3).
8
Let o = 27 + -23. Let d(f) = f**3 - 3*f**2 - f - 2. Give d(o).
10
Let r(p) be the first derivative of 3*p**4/4 - p + 2. Suppose -15*h - 3 = -12*h. Calculate r(h).
-4
Let y be (-3 - 1)*(-3)/(-4). Let u = y - 2. Let n(o) = o**3 + 6*o**2 + 5*o - 1. Determine n(u).
-1
Suppose -15*y = -17*y + 4. Let r(n) = -y*n - 5*n + 0*n**2 - 9 - 7*n**2 - n**3. Give r(-6).
-3
Let l(w) = w**2 - 6*w - 5. Let j(r) = 6*r + 35. Let o be j(-5). Give l(o).
-10
Let p = 15 - 11. Let g(z) = z**3 - 3*z**2 - 3*z + 4. Give g(p).
8
Let m(k) = k**3 - 1. Suppose -11 = -3*t + v, -t + 2*v = 3*v + 3. Suppose -4*i + 2 = -t. Give m(i).
0
Let u(y) be the third derivative of y**5/30 + y**4/6 - y**3/6 - 2*y**2. Let b(a) = a**2 + 6*a - 10. Let q be b(-7). Give u(q).
5
Let c(f) = -3*f - 1. Suppose -10 = j - 5*u, 2*u + 9 = 3*j - 0*u. Suppose j*w - 4*w - n = 0, w + 3*n = 0. Let x be 6 - w - (8 + -5). Give c(x).
-10
Let k(q) = -q + 8. Let w be k(6). Let n(g) = -13*g + 1. Let r(i) = -7*i + 1. Let j(x) = 3*n(x) - 5*r(x). Calculate j(w).
-10
Let d(p) = 2 + 4 + 157*p + 6 - 155*p. Determine d(-8).
-4
Let d(n) = n**3 - 3*n**2 - 3*n + 1. Let z be -1*(-21 + 9/3). Suppose -6*k = -k - 3*b, 0 = 5*k + b - 20. Suppose i = 0, i - 6 = k*f - z. Determine d(f).
5
Let h(p) = p**3 + 5*p**2 - 7*p + 3. Suppose 5*q - 5*x = -55, -3*q + 0*x = -x + 23. Calculate h(q).
9
Let x be (-1)/(-4) + 76/16. Suppose h = -8*t + 6*t + 2, 5*h = -x*t. Let a(q) = -q**3 - 2*q**2 + q + 2. Calculate a(h).
0
Let q(t) = 3*t + 4. Suppose -4*b - 1 - 13 = -2*u, -4*b = 4*u + 32. What is q(u)?
-5
Let g(p) = p**3 - 3*p**2 + p + 2. Let b(m) be the first derivative of -m**2/2 + 3*m + 1. Let x be b(-3). Suppose x*j - 2*j = 12. Give g(j).
5
Let t(c) be the second derivative of c**5/20 + c**4/4 - 5*c**3/6 - 3*c**2 + 4*c - 4. Determine t(-4).
-2
Let g(d) = d**3 - d**2 + d - 9. Let a = -23 - -23. Determine g(a).
-9
Suppose 0*n - 2 = -n. Let l be 3 + (0/n)/(-1). Suppose 8*v - 15 = l*v. Let s(r) = r**3 - 5*r**2 + 4*r. Determine s(v).
-6
Let n(m) = 9*m**3 + m. Let s be (6/4)/(6/8). Suppose -4*q - 1 = 2*t + 3, 3*t = 12. Let h = q + s. Calculate n(h).
-10
Let h(b) = b**2 + 2*b + 2. Let c be (-2)/(4/22) - -2. Let g = c + 13. Suppose 18 - 6 = -g*l. What is h(l)?
5
Let t(i) = i**3 + 3*i**2 - 3*i + 6. Let o(a) = -2*a**3 - 5*a**2 + 5*a - 11. Suppose 4*d + 25 = -d. Let j(f) = d*t(f) - 3*o(f). Calculate j(0).
3
Let n(p) be the first derivative of p**3/3 - p**2/2 + p + 1. Suppose -2*j + 3*j - 1 = 0. Give n(j).
1
Suppose h - 6*h - 2*z = -20, -5*h + 20 = -z. Let y(o) be the third derivative of 0 - 1/24*o**4 - o**2 - 2/3*o**3 + 1/60*o**5 + 0*o. What is y(h)?
8
Let d(g) be the first derivative of g**3/3 + 5*g + 11. Determine d(0).
5
Let s(j) = j**3 - 5*j**2 + j - 5. Let v(g) = g + 5. Let h be v(0). Suppose -5*m = -3*l + 40 - 0, 2*l + 3*m = -h. Calculate s(l).
0
Let n = 13 + -10. Let k(b) be the third derivative of 0 - b**2 + 0*b - 3/8*b**4 + 0*b**n. What is k(1)?
-9
Suppose 0 = -y - 9*y - 40. Let r(m) = m**3 + 3*m**2 - 4*m + 3. Determine r(y).
3
Let k(w) = -2 + 7*w + 0*w**2 - w**2 - 3*w. Let d be (-3)/(2 + -1 + -2). Suppose 3*l - 4*n = 3, 1 = l - d*n + 5. What is k(l)?
-7
Let h be ((-6)/(-15))/(1/(-10)). Let w = 8 - h. Let o(u) = 12*u - 5*u**3 - w*u + 1 - u**2. Give o(-1).
5
Let x(r) = -r**2 + 4*r - 5. Let w(j) = -2*j - 4. Let t be w(-4). What is x(t)?
-5
Suppose 0 = -2*g - 5*u, -3 = -4*g + 3*g - 4*u. Let c(z) = z**3 + 5*z**2 + 3*z - 5. Calculate c(g).
-20
Let x(b) = -b**2 + 7*b - 5. Let y = -102 + 109. What is x(y)?
-5
Let a(i) = -i**3 + 5*i**2 - 4*i. Let f be a(4). Suppose f = -2*z - 3*d + 16, -5*z + 3*d - 1 = 1. Suppose -z*s + 0 = 4. Let l(j) = j**2 - 1. Determine l(s).
3
Let v(d) = d**2 + 2*d**2 - d + 3*d**2. Give v(1).
5
Let u(k) = 2*k + 2. Let b be u(-4). Let r(h) = h**3 + 6*h**2 + h + 3. Determine r(b).
-3
Let o(d) be the second derivative of 2*d**3/3 + 5*d. Determine o(1).
4
Let s(l) = -3 - 2*l**2 - 1 + 4 + 1. Let c(g) be the first derivative of -2*g**3/3 + g - 2. Let z(j) = 7*c(j) - 6*s(j). Calculate z(-1).
-1
Let o(k) = -k**3 + 4*k**2 + 5*k + 6. Let x = -3 + 8. Let n be o(x). Let h(f) = 1 + 1 - 7 + f**3 + 0*f**3 - n*f**2. What is h(6)?
-5
Let n(j) = j**3 - 4*j**2 - 4*j - 3. Let b be n(5). Suppose b*g - 4*r = -10, -2*r - 25 = g + 4*g. Let y(u) = u**2 + 4*u - 6. Give y(g).
-1
Let k(g) = 6*g**2 - 1. Let w be k(1). Suppose -w*u - y = -4 - 11, u + y = -1. Let n(v) = u*v - 3*v + 5 - v**2 + v - 4. Calculate n(3).
-2
Let o(f) = -f**2 + 3*f - 2. Suppose -5*q + 143 = -32. Suppose -4*m + 3*m = 6. Let g be m/33 + q/11. Determine o(g).
-2
Suppose 5 = 4*n + n. Let x(c) = -2*c**2 - 1. Determine x(n).
-3
Let a(v) = -v**3 - 5*v**2 - 3*v + 3. Suppose 0*n - 2*n - 10 = 0. Calculate a(n).
18
Suppose 0 = -s + 2*s - 3. Let f(o) = o + 26 - 26 + o - 4*o**2 + o**s. Suppose -22 = -3*v - 4*h, 0*h = 5*v + 4*h - 26. Calculate f(v).
-4
Let h(r) = -r**2 + r + 4. Let n(x) = -2*x**2 - 4*x**3 + 3*x - 2*x + 3*x**2. Let s = -23 + 22. Let b be n(s). Determine h(b).
-8
Let d(b) = -2 + 1 + 5 - 2 - b. Give d(-3).
5
Let y(b) = -2*b**3 + 4*b**2 + 5*b + 5. Let r(m) = m**3 - 4*m**2 - 5*m - 4. Let g(v) = -3*r(v) - 2*y(v). Let t be (-3 + 4 + -4)*1. Give g(t).
-4
Suppose 8*q + 1 = 9*q. Let o(u) = u**2 + u. Determine o(q).
2
Let y(r) = -3*r**3 - 2*r**2 - 3*r - 1. Suppose -q = -5*q - 8. What is y(q)?
21
Let v(c) be the first derivative of c**3/3 - 4*c**2 + 7*c + 18. Give v(6).
-5
Let w(s) = -s**2 - 5*s + 2. Let b be 5/(-1)*4/10. Suppose -5*u + 7 - 2 = 0. Let o be u*(b/2 - 3). What is w(o)?
6
Let m(v) = -v**3 - v + 2. Let s(w) = -w + 2. Let b be s(4). Let g = 2 + b. Suppose -5*l = -g*l. Calculate m(l).
2
Let s(d) be the second derivative of 0 - 7/2*d**2 + d**3 - 1/12*d**4 + 2*d. Calculate s(5).
-2
Let y(d) = d**3 - 3*d**2 + 3*d - 3. Suppose 5*w - 4*m + 6 - 24 = 0, 0 = 5*w - 5*m - 20. Calculate y(w).
-1
Let v(f) be the third derivative of f**5/60 - f**4/8 - f**3/3 + f**2. Let l(g) be the first derivative of v(g). Determine l(4).
5
Let g(d) = -d**3 + d**2 - 1. Let l(i) = -2*i. Let h be l(-2). Let m = 4 - h. Calculate g(m).
-1
Let x(z) = z**2 + 3*z - 6. Let l be x(-5). Let q(b) = 2*b - 6. Let p(k) = -10*k + 32. Let a(h) = -3*p(h) - 16*q(h). Calculate a(l).
-8
Let p(n) be the first derivative of n**4/4 - n - 3. Let v(d) = -2*d**2 + d + 1. Suppose 5*f + 2*z - 7 = -2, f + 21 = 4*z. Let m be v(f). Calculate p(m).
-9
Let n(r) be the third derivative of -1/120*r**6 + 1/6*r**4 + 0*r - r**3 - 1/12*r**5 + 2*r**2 + 0. Let j be n(-6). Let o(f) = f**2 - 6*f + 6. What is o(j)?
6
Let j(o) = 12*o. Let m(q) = q**2 - 19*q - 43. Let b be m(21). Determine j(b).
-12
Let w(l) = 11*l - 12*l - 2 + 4. Give w(0).
2
Let m(u) = u**2 + 6*u + 4. Let k be (-11 - -20)*(-2)/3. Determine m(k).
4
Let p(k) = -k**3 + 5*k**2 - 3*k - 5. Suppose 0 = -r - 6 + 2. Let s be (r/8)/((-2)/16). Determine p(s).
-1
Let g(c) = -1 + 4*c + 0*c + 5 - 1. What is g(3)?
15
Let a(v) be the third derivative of -v**6/120 + v**5/15 + v**4/12 - v**3 - v**2. Suppose -5*u + 3 + 7 = 0. Suppose u - 6 = -g. Determine a(g).
2
Let g(k) = -k**3 + 8*k**2 - 6*k - 4. Let l be g(7). Let h(a) = 7. Let s(m) = -m - 1. Let n(y) = h(y) + 4*s(y). Calculate n(l).
-9
Let o(u) = -u**2 + 7*u + 2. Let m(l) = -l + 1. Let n(g) = 4*m(g) + o(g). Determine n(5).
-4
Let d(c) = -c + 11. Let o(k) = -2. Let t(u) = -d(u) - 4*o(u). Suppose 